 the highest common divisor of 18 and t.
18
Suppose -5*z - 2*g + 6474 = -z, -g - 3 = 0. Suppose 0*a = -5*a + z. Calculate the highest common factor of a and 12.
12
Suppose -27 = -2*h - 5*p, -p - 2*p = h - 16. Let x be h/(-3) + 210/63. Calculate the greatest common divisor of x and 9.
3
Suppose -2*n - y = -34, -n - 2*y + 4 = -16. Calculate the greatest common factor of 118 and n.
2
Let j(n) = n + 3*n + n**2 - 5*n. Let q = 887 + -883. Let s be j(q). What is the highest common factor of 48 and s?
12
Suppose -12*r + 86 + 10 = 0. Let g be (5/((-35)/24))/(3/(-21)). What is the greatest common divisor of g and r?
8
Suppose -110*h + 63 = -101*h. Suppose -6*o - 5 = -h*o. Calculate the highest common divisor of 20 and o.
5
Suppose -d - 212 = -5*d. Suppose 5*a - 59*v - 7626 = 0, -4*a + 2721 = 2*v - 3429. What is the greatest common factor of a and d?
53
Let a be ((-10)/(-4))/(50/320). Calculate the highest common divisor of 1464 and a.
8
Let x be 60/140 + (-25)/(-7). Suppose -r + u + 511 = 2*r, -15 = -3*u. Calculate the highest common factor of x and r.
4
Suppose 2*v = 6, 4*s = v + 6 + 3. Let m be 185*4 - (-1)/(s/6). Calculate the highest common factor of m and 106.
106
Let g = 61 + -61. Suppose -4*o = 2*h - g*h + 2, 23 = 4*h - o. Suppose -3*l = -v - 2*l + h, 4*v - 26 = 2*l. Calculate the highest common factor of v and 72.
8
Suppose 5*p - 33*v - 2786 = -29*v, 3*v = p - 555. What is the highest common divisor of p and 72?
18
Let k(r) = -1181*r + 3346. Let i be k(-28). Calculate the highest common divisor of 238 and i.
238
Let k = -776 - -813. Let a(t) = 4*t**2 + 15*t - 5. Let u be a(7). What is the greatest common divisor of u and k?
37
Let o = 4981 + -2277. Calculate the highest common factor of 48 and o.
16
Let r be (2/(44/11))/(2/372). Suppose 0 = -4*q + r - 17. Calculate the highest common divisor of 1 and q.
1
Let p = -56 - -56. Suppose 8*d - 154 - 254 = p. Let i = -17 + 34. Calculate the highest common factor of i and d.
17
Suppose -6*r - 5*c - 7 = -8*r, -c + 5 = 0. Calculate the greatest common factor of 328 and r.
8
Suppose 0 = s - 2*s - u + 5, -2 = -u. Suppose s*v - 2*v - 128 = 5*i, -286 = -2*v + 4*i. What is the highest common factor of v and 17?
17
Suppose 0 = 2*j + 2*j + 12, 0 = -4*l + 3*j + 401. Let r = l - 20. What is the greatest common divisor of r and 6?
6
Let l = 48 - 44. Suppose -89 = -2*j - l*q + 67, 3*q = 12. Let c = -2 + 12. Calculate the greatest common factor of j and c.
10
Let i = 27010 + -27004. Suppose -w - 3*p + 87 = 0, 4*p + 11 = -1. What is the greatest common divisor of i and w?
6
Let b be (2/(-1))/((-38)/247). What is the highest common divisor of b and 4537?
13
Let k = 981 - 1512. Let s = 1180 + k. Calculate the highest common divisor of 11 and s.
11
Let x(t) = -7*t - 65. Let w be x(-25). Let k = -38 + w. Let u = 101 + -53. Calculate the greatest common factor of u and k.
24
Suppose -r - 3*o - o + 243 = 0, -3*r + 4*o = -793. Let y = r + -250. Calculate the greatest common divisor of 243 and y.
9
Let c(n) = -27*n**3 - n**2 - 13*n - 11. Let v be c(-1). Calculate the highest common factor of 784 and v.
28
Suppose 44*h - 48*h = 4*f - 432, -f + 132 = -5*h. What is the greatest common factor of 371 and f?
7
Let l be (-3 - 4)*(15 - 9). Let c be (-106)/(-6) - 14/l. Calculate the greatest common divisor of c and 414.
18
Suppose -5*v = -c + 26, -6*c = -2*c + 5*v - 54. Let u be (c/4 - -16) + -5 + -3. What is the greatest common divisor of 16 and u?
4
Let s = -259 + 256. Let m(y) = -53*y - 93. Let i be m(s). What is the highest common factor of i and 132?
66
Let w = 2062 + -1908. Calculate the highest common factor of w and 574.
14
Suppose -3*n + 231 = 3*q, 10*q - 9*q - 3*n - 77 = 0. What is the greatest common divisor of 1111 and q?
11
Let r(q) = -q**3 + 7*q**2 + 8*q + 10. Let k be r(8). Let y(p) = -3*p + 124. Let z be y(k). What is the highest common divisor of 329 and z?
47
Let q be (-2)/(-3)*1/1*240. Let m be (2 - 0)/((-4)/(-3))*q. What is the greatest common factor of m and 30?
30
Suppose 2*a = -3*q + 59, 0 = -0*q - q - 1. Let k be (137 + 3)*((-12)/5)/3. Let b = k - -453. Calculate the highest common divisor of b and a.
31
Suppose 2347 + 11030 = 21*f. What is the greatest common divisor of f and 91?
91
Suppose 3*b - 98 + 26 = 0. Suppose 390*h = 143230 + 109490. Calculate the highest common factor of h and b.
24
Suppose -774*s = -784*s + 230. Suppose b - 1610 = -5*z, b + 508 = 5*z - 1102. Calculate the highest common factor of z and s.
23
Let n(m) = -m**2 - 10*m - 1. Suppose -2*p - 51 = 5*b, -2*b + p = 2*p + 21. Let r be n(b). Suppose -r - 7 = -i. What is the greatest common divisor of i and 10?
5
Let m(c) = 12*c + 135. Let i be m(-10). Let r be (-9)/i - 2112/(-20). Calculate the highest common divisor of r and 15.
15
Let g(h) = h**2 + 10*h - 46. Let n be g(-12). Let q be (27 + -32)/(2/n). What is the greatest common divisor of q and 275?
55
Suppose -2*g + 4 = 3*b, -4*g + 11 = 4*b - 7*g. Let d be (41 - 1)*(14/b - -9). Suppose 0*s + d = 5*s. Calculate the highest common factor of 32 and s.
32
Let m(j) = 2*j + 6. Let v(o) = o + 6. Let g(k) = -3*m(k) + 4*v(k). Let r be g(3). Suppose r*l = 4*l - 132. What is the greatest common divisor of l and 66?
33
Let z(q) = 15*q + 1. Let f be z(1). Suppose 0 = -838*i - 2259 + 7287. Calculate the greatest common divisor of f and i.
2
Let l be 3/(3*2/10). Let d = -2138 + 2268. What is the greatest common divisor of d and l?
5
Suppose 2*s - 38408 = 50*b - 55*b, 5*b - 38407 = -3*s. What is the greatest common divisor of b and 92?
46
Let d be 4*(-3)/(-18) + (-78)/(-18). Suppose 0 = 3*a + 4*l - 36, 15*a + d*l = 11*a + 49. Calculate the highest common factor of 136 and a.
8
Let f(l) = l**3 + 5*l**2 + l - 3. Let o be f(-3). Suppose -s - 2*i = -14, -2*s + 13*i + 53 = o*i. What is the highest common factor of 216 and s?
24
Let k be -2 - (-70 + 1) - (3 - -1). Suppose 0 = -w + s + k, -6*w + 2*s + 242 = -2*w. What is the greatest common factor of 29 and w?
29
Let j = -9 - -16. Let i be 1 - (-271)/j - 72/(-252). Let y = -38 + i. Calculate the highest common factor of 22 and y.
2
Suppose 1115 = 5*j - 7*p + 2*p, 0 = -5*j - 4*p + 1160. Let w = -112 - -118. Calculate the greatest common divisor of w and j.
6
Let c(d) = 78*d - 530. Let x be c(7). What is the highest common factor of x and 432?
16
Suppose 5*z - 3447 = -14*x + 17*x, 0 = -3*x + 18. Calculate the highest common divisor of z and 147.
21
Let q be (-7*(-6)/56)/(6/136). Calculate the greatest common divisor of q and 1972.
17
Let u = -2496 + 2968. What is the highest common factor of u and 24?
8
Let w(g) = -g**2 + 8*g - 1. Let s be w(5). Let m be 7/s*(-26 + 2). Let p be (1 - 2)/((20/m)/5). Calculate the greatest common factor of 2 and p.
1
Let d = -252 - -534. Suppose -8*o - d = -14*o. Calculate the highest common divisor of 47 and o.
47
Suppose d - 87 = -3*w, 3*d - 11*w - 311 = 5*w. What is the highest common divisor of 13299 and d?
93
Let m(i) = -i**3 - 14*i**2 - 22*i + 29. Let r be m(-12). Let s be (527 + -2)/r*-1. Let w = -92 - s. What is the highest common factor of w and 39?
13
Suppose -16*q + 6 = -14*q. Suppose -2*c + 7 = p - 7, 5*c = -q*p + 46. Let z = 41 - -14. Calculate the greatest common divisor of z and p.
11
Let k = 199 + -135. Suppose 2*a - 6 = -2*s - 10, 5 = 5*a + 2*s. Suppose -1440 = a*x - 12*x. What is the highest common divisor of x and k?
32
Suppose -4*p - x + 29 = 311, x = 2. Let n = p + 111. Calculate the highest common divisor of 90 and n.
10
Let h(i) = 2*i**2 - i + 9. Let g be h(0). Let k = -2 + g. Let f be (1 - (3 + -3))*k. Calculate the greatest common factor of 56 and f.
7
Let g = 0 - -4. Suppose 85 = -g*v + 193. Suppose 0 = -3*k + v. What is the greatest common factor of 36 and k?
9
Suppose 14*v = 10*v + 120. Suppose h - 6*h = -10. Suppose x - 5 - 3 = -h*a, 5*x - 5*a = 25. What is the highest common factor of v and x?
6
Suppose l = 10*l - 0*l. Suppose 7*d - 12*d + 60 = l. Suppose 17*c - 220 = d*c. What is the highest common divisor of c and 11?
11
Let q be 56/(-42)*(-18)/8. Let v be (-1)/(q/(-114)) + 6. Calculate the greatest common divisor of v and 121.
11
Suppose b - 5*l - 12 = 0, 4*b = 3*b - 4*l + 3. Let j = 90 + -27. Calculate the greatest common factor of b and j.
7
Let p(w) = -2*w**2 + 4*w + 8. Let n be p(0). Let u be 